{"id":224278,"date":"2024-02-26T17:17:24","date_gmt":"2024-02-26T16:17:24","guid":{"rendered":"https:\/\/bhpakl.pl\/?page_id=224278"},"modified":"2024-03-21T02:42:45","modified_gmt":"2024-03-21T01:42:45","slug":"szkolenia-wstepne","status":"publish","type":"page","link":"https:\/\/bhpakl.pl\/index.php\/szkolenia-wstepne\/","title":{"rendered":"Szkolenia Wst\u0119pne"},"content":{"rendered":"\t\t<div data-elementor-type=\"wp-page\" data-elementor-id=\"224278\" class=\"elementor elementor-224278\">\n\t\t\t\t\t\t<section class=\"elementor-section elementor-top-section elementor-element elementor-element-66d7479 elementor-section-boxed elementor-section-height-default elementor-section-height-default\" data-id=\"66d7479\" data-element_type=\"section\">\n\t\t\t\t\t\t<div class=\"elementor-container elementor-column-gap-default\">\n\t\t\t\t\t<div class=\"elementor-column elementor-col-100 elementor-top-column elementor-element elementor-element-159708c8\" data-id=\"159708c8\" data-element_type=\"column\">\n\t\t\t<div class=\"elementor-widget-wrap elementor-element-populated\">\n\t\t\t\t\t\t<div class=\"elementor-element elementor-element-6982b359 elementor-widget elementor-widget-thim-heading\" data-id=\"6982b359\" data-element_type=\"widget\" data-widget_type=\"thim-heading.default\">\n\t\t\t\t<div class=\"elementor-widget-container\">\n\t\t\t<div\n        class=\"thim-sc-heading text-center layout-2 \">\n    <div class=\"heading-content\">\n\n\t\t\n\t\t<h3 class=\"primary-heading\">SZKOLENIA WST\u0118PNE BHP<\/h3>    <\/div>\n\t\t        <span class=\"underline\"><\/span>\n\t<\/div>\n\t\t<\/div>\n\t\t\t\t<\/div>\n\t\t\t\t\t<\/div>\n\t\t<\/div>\n\t\t\t\t\t<\/div>\n\t\t<\/section>\n\t\t\t\t<section class=\"elementor-section elementor-top-section elementor-element elementor-element-21179f22 elementor-section-stretched elementor-section-boxed elementor-section-height-default elementor-section-height-default\" data-id=\"21179f22\" data-element_type=\"section\" data-settings=\"{&quot;stretch_section&quot;:&quot;section-stretched&quot;}\">\n\t\t\t\t\t\t<div class=\"elementor-container elementor-column-gap-default\">\n\t\t\t\t\t<div class=\"elementor-column elementor-col-50 elementor-top-column elementor-element elementor-element-5885056f\" data-id=\"5885056f\" data-element_type=\"column\">\n\t\t\t<div class=\"elementor-widget-wrap elementor-element-populated\">\n\t\t\t\t\t\t<div class=\"elementor-element elementor-element-392db5cf elementor-widget elementor-widget-text-editor\" data-id=\"392db5cf\" data-element_type=\"widget\" data-widget_type=\"text-editor.default\">\n\t\t\t\t<div class=\"elementor-widget-container\">\n\t\t\t\t\t\t\t<h4 style=\"text-align: center;\"><span style=\"color: #000000;\">Ka\u017cdy pracodawca zobowi\u0105zany jest zapewni\u0107 bezpieczne i\u00a0higieniczny warunki pracy. Przy zatrudnianiu nowego pracownika musi niezw\u0142ocznie przeszkoli\u0107 go pod k\u0105tem og\u00f3lnych zasad BHP i\u00a0PPO\u017b oraz udzielania pierwszej pomocy, zapozna\u0107 go z\u00a0ocen\u0105 ryzyka zawodowego i\u00a0przeprowadzi\u0107 instrukta\u017c stanowiskowy.<\/span><\/h4><p>\u00a0<\/p><h4 style=\"text-align: center;\"><span style=\"color: #000000;\"><strong>Instrukta\u017c og\u00f3lny &#8211; <\/strong>przeprowadza pracownik s\u0142u\u017cby bhp <\/span><br \/><span style=\"color: #000000;\">lub pracodawca posiadaj\u0105cy aktualne szkolenie okresowe.<\/span><\/h4><p>\u00a0<\/p><h4 style=\"text-align: center;\"><span style=\"color: #000000;\"><strong>Instrukta\u017c stanowiskowy<\/strong>\u00a0&#8211; prowadzi pracodawca lub inna osoba kieruj\u0105ca pracownikami: dyrektor, kierownik, brygadzista, mistrz, manager, itp., maj\u0105cy <\/span><br \/><span style=\"color: #000000;\">uko\u0144czone\u00a0szkolenie okresowe pracodawc\u00f3w <\/span><br \/><span style=\"color: #000000;\">i innych os\u00f3b kieruj\u0105cych pracownikami.<\/span><\/h4>\t\t\t\t\t\t<\/div>\n\t\t\t\t<\/div>\n\t\t\t\t\t<\/div>\n\t\t<\/div>\n\t\t\t\t<div class=\"elementor-column elementor-col-50 elementor-top-column elementor-element elementor-element-6844d601\" data-id=\"6844d601\" data-element_type=\"column\">\n\t\t\t<div class=\"elementor-widget-wrap elementor-element-populated\">\n\t\t\t\t\t\t<div class=\"elementor-element elementor-element-20fc6f10 elementor-widget elementor-widget-image\" data-id=\"20fc6f10\" data-element_type=\"widget\" data-widget_type=\"image.default\">\n\t\t\t\t<div class=\"elementor-widget-container\">\n\t\t\t\t\t\t\t\t\t\t\t\t\t<img fetchpriority=\"high\" decoding=\"async\" width=\"640\" height=\"427\" src=\"https:\/\/bhpakl.pl\/wp-content\/uploads\/2024\/03\/WhatsApp-Image-2024-03-09-at-16.04.21-3-1024x683.jpeg\" class=\"attachment-large size-large wp-image-224606\" alt=\"\" srcset=\"https:\/\/bhpakl.pl\/wp-content\/uploads\/2024\/03\/WhatsApp-Image-2024-03-09-at-16.04.21-3-1024x683.jpeg 1024w, https:\/\/bhpakl.pl\/wp-content\/uploads\/2024\/03\/WhatsApp-Image-2024-03-09-at-16.04.21-3-300x200.jpeg 300w, https:\/\/bhpakl.pl\/wp-content\/uploads\/2024\/03\/WhatsApp-Image-2024-03-09-at-16.04.21-3-768x512.jpeg 768w, https:\/\/bhpakl.pl\/wp-content\/uploads\/2024\/03\/WhatsApp-Image-2024-03-09-at-16.04.21-3-1536x1025.jpeg 1536w, https:\/\/bhpakl.pl\/wp-content\/uploads\/2024\/03\/WhatsApp-Image-2024-03-09-at-16.04.21-3-600x400.jpeg 600w, https:\/\/bhpakl.pl\/wp-content\/uploads\/2024\/03\/WhatsApp-Image-2024-03-09-at-16.04.21-3.jpeg 1712w\" sizes=\"(max-width: 640px) 100vw, 640px\" \/>\t\t\t\t\t\t\t\t\t\t\t\t\t<\/div>\n\t\t\t\t<\/div>\n\t\t\t\t\t<\/div>\n\t\t<\/div>\n\t\t\t\t\t<\/div>\n\t\t<\/section>\n\t\t\t\t<\/div>\n\t\t","protected":false},"excerpt":{"rendered":"<p>SZKOLENIA WST\u0118PNE BHP Ka\u017cdy pracodawca zobowi\u0105zany jest zapewni\u0107 bezpieczne i\u00a0higieniczny warunki pracy. Przy zatrudnianiu nowego pracownika musi niezw\u0142ocznie przeszkoli\u0107 go pod k\u0105tem og\u00f3lnych zasad BHP i\u00a0PPO\u017b oraz udzielania pierwszej pomocy, zapozna\u0107 go z\u00a0ocen\u0105 ryzyka zawodowego i\u00a0przeprowadzi\u0107 instrukta\u017c stanowiskowy. \u00a0 Instrukta\u017c og\u00f3lny &#8211; przeprowadza pracownik s\u0142u\u017cby bhp lub pracodawca posiadaj\u0105cy aktualne szkolenie okresowe. \u00a0 Instrukta\u017c stanowiskowy\u00a0&#8211;&#8230;<\/p>\n","protected":false},"author":3,"featured_media":0,"parent":0,"menu_order":0,"comment_status":"closed","ping_status":"closed","template":"","meta":{"footnotes":""},"class_list":["post-224278","page","type-page","status-publish","hentry"],"_links":{"self":[{"href":"https:\/\/bhpakl.pl\/index.php\/wp-json\/wp\/v2\/pages\/224278","targetHints":{"allow":["GET"]}}],"collection":[{"href":"https:\/\/bhpakl.pl\/index.php\/wp-json\/wp\/v2\/pages"}],"about":[{"href":"https:\/\/bhpakl.pl\/index.php\/wp-json\/wp\/v2\/types\/page"}],"author":[{"embeddable":true,"href":"https:\/\/bhpakl.pl\/index.php\/wp-json\/wp\/v2\/users\/3"}],"replies":[{"embeddable":true,"href":"https:\/\/bhpakl.pl\/index.php\/wp-json\/wp\/v2\/comments?post=224278"}],"version-history":[{"count":13,"href":"https:\/\/bhpakl.pl\/index.php\/wp-json\/wp\/v2\/pages\/224278\/revisions"}],"predecessor-version":[{"id":224723,"href":"https:\/\/bhpakl.pl\/index.php\/wp-json\/wp\/v2\/pages\/224278\/revisions\/224723"}],"wp:attachment":[{"href":"https:\/\/bhpakl.pl\/index.php\/wp-json\/wp\/v2\/media?parent=224278"}],"curies":[{"name":"wp","href":"https:\/\/api.w.org\/{rel}","templated":true}]}}