{"id":224295,"date":"2024-02-26T17:30:13","date_gmt":"2024-02-26T16:30:13","guid":{"rendered":"https:\/\/bhpakl.pl\/?page_id=224295"},"modified":"2024-03-20T14:31:24","modified_gmt":"2024-03-20T13:31:24","slug":"obsluga-bhp-firm","status":"publish","type":"page","link":"https:\/\/bhpakl.pl\/index.php\/obsluga-bhp-firm\/","title":{"rendered":"Obs\u0142uga BHP firm"},"content":{"rendered":"\t\t<div data-elementor-type=\"wp-page\" data-elementor-id=\"224295\" class=\"elementor elementor-224295\">\n\t\t\t\t\t\t<section class=\"elementor-section elementor-top-section elementor-element elementor-element-11167e75 elementor-section-stretched elementor-section-full_width elementor-section-height-default elementor-section-height-default\" data-id=\"11167e75\" data-element_type=\"section\" data-settings=\"{&quot;stretch_section&quot;:&quot;section-stretched&quot;}\">\n\t\t\t\t\t\t<div class=\"elementor-container elementor-column-gap-default\">\n\t\t\t\t\t<div class=\"elementor-column elementor-col-100 elementor-top-column elementor-element elementor-element-7b8fa623\" data-id=\"7b8fa623\" data-element_type=\"column\">\n\t\t\t<div class=\"elementor-widget-wrap elementor-element-populated\">\n\t\t\t\t\t\t<div class=\"elementor-element elementor-element-18dc63c4 elementor-widget elementor-widget-thim-heading\" data-id=\"18dc63c4\" data-element_type=\"widget\" data-widget_type=\"thim-heading.default\">\n\t\t\t\t<div class=\"elementor-widget-container\">\n\t\t\t<div\n        class=\"thim-sc-heading text-center layout-2 \">\n    <div class=\"heading-content\">\n\n\t\t\n\t\t<h3 class=\"primary-heading\">OBS\u0141UGA BHP FIRM<\/h3>    <\/div>\n\t\t        <span class=\"underline\"><\/span>\n\t<\/div>\n\t\t<\/div>\n\t\t\t\t<\/div>\n\t\t\t\t<div class=\"elementor-element elementor-element-19759845 elementor-widget elementor-widget-thim-image-box\" data-id=\"19759845\" data-element_type=\"widget\" data-widget_type=\"thim-image-box.default\">\n\t\t\t\t<div class=\"elementor-widget-container\">\n\t\t\t<div class=\"thim-sc-image-box right \">\n\t<section id=\"title2\">\n\t\t<div class=\"row no-gutters\">\n\t\t\t<div class=\"col-sm-12 col-lg-6 image-box\">\n  \t\t\t\t<img decoding=\"async\" src=\"https:\/\/bhpakl.pl\/wp-content\/uploads\/2024\/03\/WhatsApp-Image-2024-03-09-at-16.04.22-1.jpeg\" alt=\"KOMPLEKSOWO\">\n\t\t\t\t<span class=\"number\" style=\"color: #FFFFFF00\">1<\/span>\n\t\t\t<\/div>\n\t\t\t<div class=\"col-sm-12 col-lg-6 text-content\">\n\t\t\t\t\t\t\t\t\t<img decoding=\"async\" src=\"https:\/\/bhpakl.pl\/wp-content\/uploads\/2017\/07\/Layer-472-e1503475017250.png\" class=\"bg-content\" >\n\t\t\t\t\t\t\t\t<div class=\"text-content-inner\">\n\t\t\t\t\t<h3 class=\"title-box\">KOMPLEKSOWO<\/h3>\n\t\t\t\t\t<p class=\"sub-title\"><\/p>\n\t\t\t\t\t<p class=\"underline\"><\/p>\n\t\t\t\t\t<div class=\"content\">BHP Ann Kleszyk-Liber zajmie si\u0119 kompleksow\u0105 i profesjonaln\u0105 obs\u0142ug\u0105 w zakresie s\u0142u\u017cby bhp. \nW ramach sta\u0142ej umowy proponujemy przej\u0119cie zada\u0144 w zakresie s\u0142u\u017cby bhp\n<\/div>\n\t\t\t\t<\/div>\n\t\t\t<\/div>\n\t\t<\/div>\n\t<\/section>\n<\/div>\n\t\t<\/div>\n\t\t\t\t<\/div>\n\t\t\t\t\t<\/div>\n\t\t<\/div>\n\t\t\t\t\t<\/div>\n\t\t<\/section>\n\t\t\t\t<\/div>\n\t\t","protected":false},"excerpt":{"rendered":"<p>OBS\u0141UGA BHP FIRM 1 KOMPLEKSOWO BHP Ann Kleszyk-Liber zajmie si\u0119 kompleksow\u0105 i profesjonaln\u0105 obs\u0142ug\u0105 w zakresie s\u0142u\u017cby bhp. W ramach sta\u0142ej umowy proponujemy przej\u0119cie zada\u0144 w zakresie s\u0142u\u017cby bhp<\/p>\n","protected":false},"author":3,"featured_media":0,"parent":0,"menu_order":0,"comment_status":"closed","ping_status":"closed","template":"","meta":{"footnotes":""},"class_list":["post-224295","page","type-page","status-publish","hentry"],"_links":{"self":[{"href":"https:\/\/bhpakl.pl\/index.php\/wp-json\/wp\/v2\/pages\/224295","targetHints":{"allow":["GET"]}}],"collection":[{"href":"https:\/\/bhpakl.pl\/index.php\/wp-json\/wp\/v2\/pages"}],"about":[{"href":"https:\/\/bhpakl.pl\/index.php\/wp-json\/wp\/v2\/types\/page"}],"author":[{"embeddable":true,"href":"https:\/\/bhpakl.pl\/index.php\/wp-json\/wp\/v2\/users\/3"}],"replies":[{"embeddable":true,"href":"https:\/\/bhpakl.pl\/index.php\/wp-json\/wp\/v2\/comments?post=224295"}],"version-history":[{"count":11,"href":"https:\/\/bhpakl.pl\/index.php\/wp-json\/wp\/v2\/pages\/224295\/revisions"}],"predecessor-version":[{"id":224697,"href":"https:\/\/bhpakl.pl\/index.php\/wp-json\/wp\/v2\/pages\/224295\/revisions\/224697"}],"wp:attachment":[{"href":"https:\/\/bhpakl.pl\/index.php\/wp-json\/wp\/v2\/media?parent=224295"}],"curies":[{"name":"wp","href":"https:\/\/api.w.org\/{rel}","templated":true}]}}