{"id":224316,"date":"2024-02-26T19:06:49","date_gmt":"2024-02-26T18:06:49","guid":{"rendered":"https:\/\/bhpakl.pl\/?page_id=224316"},"modified":"2024-03-20T12:24:12","modified_gmt":"2024-03-20T11:24:12","slug":"pierwsza-pomoc","status":"publish","type":"page","link":"https:\/\/bhpakl.pl\/index.php\/pierwsza-pomoc\/","title":{"rendered":"Pierwsza Pomoc"},"content":{"rendered":"\t\t<div data-elementor-type=\"wp-page\" data-elementor-id=\"224316\" class=\"elementor elementor-224316\">\n\t\t\t\t\t\t<section class=\"elementor-section elementor-top-section elementor-element elementor-element-18daecf1 elementor-section-full_width elementor-section-stretched elementor-section-height-default elementor-section-height-default\" data-id=\"18daecf1\" data-element_type=\"section\" data-settings=\"{&quot;stretch_section&quot;:&quot;section-stretched&quot;}\">\n\t\t\t\t\t\t<div class=\"elementor-container elementor-column-gap-extended\">\n\t\t\t\t\t<div class=\"elementor-column elementor-col-50 elementor-top-column elementor-element elementor-element-6ea1fff1\" data-id=\"6ea1fff1\" data-element_type=\"column\">\n\t\t\t<div class=\"elementor-widget-wrap elementor-element-populated\">\n\t\t\t\t\t\t<div class=\"elementor-element elementor-element-66533076 elementor-widget elementor-widget-thim-heading\" data-id=\"66533076\" data-element_type=\"widget\" data-widget_type=\"thim-heading.default\">\n\t\t\t\t<div class=\"elementor-widget-container\">\n\t\t\t<div\n        class=\"thim-sc-heading text-center layout-2 \">\n    <div class=\"heading-content\">\n\n\t\t\n\t\t<h3 class=\"primary-heading\">SZKOLENIA Z PIERWSZEJ POMOCY<\/h3>    <\/div>\n\t\t        <span class=\"underline\"><\/span>\n\t<\/div>\n\t\t<\/div>\n\t\t\t\t<\/div>\n\t\t\t\t<div class=\"elementor-element elementor-element-ba1c7c6 elementor-widget elementor-widget-spacer\" data-id=\"ba1c7c6\" data-element_type=\"widget\" data-widget_type=\"spacer.default\">\n\t\t\t\t<div class=\"elementor-widget-container\">\n\t\t\t\t\t<div class=\"elementor-spacer\">\n\t\t\t<div class=\"elementor-spacer-inner\"><\/div>\n\t\t<\/div>\n\t\t\t\t<\/div>\n\t\t\t\t<\/div>\n\t\t\t\t<div class=\"elementor-element elementor-element-63599714 elementor-widget elementor-widget-text-editor\" data-id=\"63599714\" data-element_type=\"widget\" data-widget_type=\"text-editor.default\">\n\t\t\t\t<div class=\"elementor-widget-container\">\n\t\t\t\t\t\t\t<h5 style=\"font-weight: 400; text-align: center;\">Pierwsza pomoc to zesp\u00f3\u0142 czynno\u015bci wykonywanych na miejscu zdarzenia lub w bezpiecznym miejscu, przez \u015bwiadka lub uczestnika do momentu przyjazdu s\u0142u\u017cb ratunkowych, polepszenia si\u0119 stanu poszkodowanego, kiedy nie wyst\u0105pi dla nas jakie\u015b zagro\u017cenie, do momentu zm\u0119czenia lub przej\u0119cia dalszych czynno\u015bci przez inne osoby. Umiej\u0119tno\u015b\u0107 udzielania pierwszej pomocy wchodzi w zakres zagadnie\u0144 zwi\u0105zanych z bezpiecze\u0144stwem i higien\u0105 pracy.<\/h5><h5 style=\"font-weight: 400; text-align: center;\">Celem szkolenia z zakresu pierwszej pomocy jest przekazanie wiedzy i praktycznych umiej\u0119tno\u015bci z zakresu post\u0119powania i reagowania w sytuacjach zagra\u017caj\u0105cych ludzkiemu zdrowiu i \u017cyciu.<\/h5>\t\t\t\t\t\t<\/div>\n\t\t\t\t<\/div>\n\t\t\t\t\t<\/div>\n\t\t<\/div>\n\t\t\t\t<div class=\"elementor-column elementor-col-50 elementor-top-column elementor-element elementor-element-34f2e7d0\" data-id=\"34f2e7d0\" data-element_type=\"column\">\n\t\t\t<div class=\"elementor-widget-wrap elementor-element-populated\">\n\t\t\t\t\t\t<div class=\"elementor-element elementor-element-36848cbf elementor-widget elementor-widget-image\" data-id=\"36848cbf\" data-element_type=\"widget\" data-widget_type=\"image.default\">\n\t\t\t\t<div class=\"elementor-widget-container\">\n\t\t\t\t\t\t\t\t\t\t\t\t\t<img fetchpriority=\"high\" decoding=\"async\" width=\"640\" height=\"427\" src=\"https:\/\/bhpakl.pl\/wp-content\/uploads\/2024\/03\/WhatsApp-Image-2024-03-09-at-16.04.23-1-1024x683.jpeg\" class=\"attachment-large size-large wp-image-224602\" alt=\"\" srcset=\"https:\/\/bhpakl.pl\/wp-content\/uploads\/2024\/03\/WhatsApp-Image-2024-03-09-at-16.04.23-1-1024x683.jpeg 1024w, https:\/\/bhpakl.pl\/wp-content\/uploads\/2024\/03\/WhatsApp-Image-2024-03-09-at-16.04.23-1-300x200.jpeg 300w, https:\/\/bhpakl.pl\/wp-content\/uploads\/2024\/03\/WhatsApp-Image-2024-03-09-at-16.04.23-1-768x512.jpeg 768w, https:\/\/bhpakl.pl\/wp-content\/uploads\/2024\/03\/WhatsApp-Image-2024-03-09-at-16.04.23-1-1536x1024.jpeg 1536w, https:\/\/bhpakl.pl\/wp-content\/uploads\/2024\/03\/WhatsApp-Image-2024-03-09-at-16.04.23-1-600x400.jpeg 600w, https:\/\/bhpakl.pl\/wp-content\/uploads\/2024\/03\/WhatsApp-Image-2024-03-09-at-16.04.23-1.jpeg 2048w\" sizes=\"(max-width: 640px) 100vw, 640px\" \/>\t\t\t\t\t\t\t\t\t\t\t\t\t<\/div>\n\t\t\t\t<\/div>\n\t\t\t\t\t<\/div>\n\t\t<\/div>\n\t\t\t\t\t<\/div>\n\t\t<\/section>\n\t\t\t\t<section class=\"elementor-section elementor-top-section elementor-element elementor-element-e67ee13 elementor-section-full_width elementor-section-stretched elementor-section-height-default elementor-section-height-default\" data-id=\"e67ee13\" data-element_type=\"section\" data-settings=\"{&quot;stretch_section&quot;:&quot;section-stretched&quot;}\">\n\t\t\t\t\t\t<div class=\"elementor-container elementor-column-gap-extended\">\n\t\t\t\t\t<div class=\"elementor-column elementor-col-50 elementor-top-column elementor-element elementor-element-96fb7cd\" data-id=\"96fb7cd\" data-element_type=\"column\">\n\t\t\t<div class=\"elementor-widget-wrap elementor-element-populated\">\n\t\t\t\t\t\t<div class=\"elementor-element elementor-element-ff61d1a elementor-widget elementor-widget-image\" data-id=\"ff61d1a\" data-element_type=\"widget\" data-widget_type=\"image.default\">\n\t\t\t\t<div class=\"elementor-widget-container\">\n\t\t\t\t\t\t\t\t\t\t\t\t\t<img decoding=\"async\" width=\"640\" height=\"427\" src=\"https:\/\/bhpakl.pl\/wp-content\/uploads\/2024\/03\/WhatsApp-Image-2024-03-09-at-16.04.21-4-1024x683.jpeg\" class=\"attachment-large size-large wp-image-224622\" alt=\"\" srcset=\"https:\/\/bhpakl.pl\/wp-content\/uploads\/2024\/03\/WhatsApp-Image-2024-03-09-at-16.04.21-4-1024x683.jpeg 1024w, https:\/\/bhpakl.pl\/wp-content\/uploads\/2024\/03\/WhatsApp-Image-2024-03-09-at-16.04.21-4-300x200.jpeg 300w, https:\/\/bhpakl.pl\/wp-content\/uploads\/2024\/03\/WhatsApp-Image-2024-03-09-at-16.04.21-4-768x512.jpeg 768w, https:\/\/bhpakl.pl\/wp-content\/uploads\/2024\/03\/WhatsApp-Image-2024-03-09-at-16.04.21-4-1536x1025.jpeg 1536w, https:\/\/bhpakl.pl\/wp-content\/uploads\/2024\/03\/WhatsApp-Image-2024-03-09-at-16.04.21-4-600x400.jpeg 600w, https:\/\/bhpakl.pl\/wp-content\/uploads\/2024\/03\/WhatsApp-Image-2024-03-09-at-16.04.21-4.jpeg 2048w\" sizes=\"(max-width: 640px) 100vw, 640px\" \/>\t\t\t\t\t\t\t\t\t\t\t\t\t<\/div>\n\t\t\t\t<\/div>\n\t\t\t\t\t<\/div>\n\t\t<\/div>\n\t\t\t\t<div class=\"elementor-column elementor-col-50 elementor-top-column elementor-element elementor-element-7c5bbc2\" data-id=\"7c5bbc2\" data-element_type=\"column\">\n\t\t\t<div class=\"elementor-widget-wrap elementor-element-populated\">\n\t\t\t\t\t\t<div class=\"elementor-element elementor-element-bd20750 elementor-widget elementor-widget-thim-heading\" data-id=\"bd20750\" data-element_type=\"widget\" data-widget_type=\"thim-heading.default\">\n\t\t\t\t<div class=\"elementor-widget-container\">\n\t\t\t<div\n        class=\"thim-sc-heading text-center layout-2 \">\n    <div class=\"heading-content\">\n\n\t\t\n\t\t    <\/div>\n\t\t        <span class=\"underline\"><\/span>\n\t<\/div>\n\t\t<\/div>\n\t\t\t\t<\/div>\n\t\t\t\t<div class=\"elementor-element elementor-element-9095453 elementor-widget elementor-widget-spacer\" data-id=\"9095453\" data-element_type=\"widget\" data-widget_type=\"spacer.default\">\n\t\t\t\t<div class=\"elementor-widget-container\">\n\t\t\t\t\t<div class=\"elementor-spacer\">\n\t\t\t<div class=\"elementor-spacer-inner\"><\/div>\n\t\t<\/div>\n\t\t\t\t<\/div>\n\t\t\t\t<\/div>\n\t\t\t\t<div class=\"elementor-element elementor-element-57c4345 elementor-widget elementor-widget-text-editor\" data-id=\"57c4345\" data-element_type=\"widget\" data-widget_type=\"text-editor.default\">\n\t\t\t\t<div class=\"elementor-widget-container\">\n\t\t\t\t\t\t\t<h5 style=\"font-weight: 400; text-align: center;\">Szkolenia organizowane przez BHP Anna Kleszyk -Liber przeznaczone s\u0105 dla ka\u017cdej grupy zawodowej, a tak\u017ce os\u00f3b indywidualnych chc\u0105cych dobrze opanowa\u0107 zasady udzielania pierwszej pomocy. Szkolenia s\u0105 odpowiednio modyfikowane i dostosowane do danej grupy zawodowej i zagro\u017ce\u0144 wyst\u0119puj\u0105cych na stanowiskach pracy.<\/h5><h5 style=\"font-weight: 400; text-align: center;\">Dbaj\u0105c o jako\u015b\u0107 naszych szkole\u0144 prowadzimy je przy u\u017cyciu odpowiednie sprz\u0119tu szkoleniowego.<\/h5><h5 style=\"font-weight: 400; text-align: center;\">W trakcie szkolenia b\u0119d\u0105 mieli Pa\u0144stwo mo\u017cliwo\u015b\u0107 sprawdzenia si\u0119 w zadaniach praktycznych.<\/h5>\t\t\t\t\t\t<\/div>\n\t\t\t\t<\/div>\n\t\t\t\t\t<\/div>\n\t\t<\/div>\n\t\t\t\t\t<\/div>\n\t\t<\/section>\n\t\t\t\t<section class=\"elementor-section elementor-top-section elementor-element elementor-element-46c8f502 elementor-section-full_width elementor-section-height-default elementor-section-height-default\" data-id=\"46c8f502\" data-element_type=\"section\">\n\t\t\t\t\t\t<div class=\"elementor-container elementor-column-gap-default\">\n\t\t\t\t\t<div class=\"elementor-column elementor-col-100 elementor-top-column elementor-element elementor-element-46443a1c\" data-id=\"46443a1c\" data-element_type=\"column\">\n\t\t\t<div class=\"elementor-widget-wrap elementor-element-populated\">\n\t\t\t\t\t\t<div class=\"elementor-element elementor-element-77f5f930 elementor-widget elementor-widget-thim-heading\" data-id=\"77f5f930\" data-element_type=\"widget\" data-widget_type=\"thim-heading.default\">\n\t\t\t\t<div class=\"elementor-widget-container\">\n\t\t\t<div\n        class=\"thim-sc-heading text-center layout-2 \">\n    <div class=\"heading-content\">\n\n\t\t\n\t\t<h3 class=\"primary-heading\" style=\"color: ; font-size: px; font-weight: normal; font-style: normal;\">Jakie szkolenie wybra\u0107?<\/h3>    <\/div>\n\t\t        <span class=\"underline\"><\/span>\n\t<\/div>\n\t\t<\/div>\n\t\t\t\t<\/div>\n\t\t\t\t\t<\/div>\n\t\t<\/div>\n\t\t\t\t\t<\/div>\n\t\t<\/section>\n\t\t\t\t<section class=\"elementor-section elementor-top-section elementor-element elementor-element-6f0a2aa6 elementor-section-full_width elementor-section-height-default elementor-section-height-default\" data-id=\"6f0a2aa6\" data-element_type=\"section\">\n\t\t\t\t\t\t<div class=\"elementor-container elementor-column-gap-default\">\n\t\t\t\t\t<div class=\"elementor-column elementor-col-33 elementor-top-column elementor-element elementor-element-16b93ace\" data-id=\"16b93ace\" data-element_type=\"column\">\n\t\t\t<div class=\"elementor-widget-wrap elementor-element-populated\">\n\t\t\t\t\t\t<div class=\"elementor-element elementor-element-43d8f0c4 elementor-widget elementor-widget-thim-icon-box\" data-id=\"43d8f0c4\" data-element_type=\"widget\" data-widget_type=\"thim-icon-box.default\">\n\t\t\t\t<div class=\"elementor-widget-container\">\n\t\t\t\n<div\n        class=\"thim-sc-icon-box  layout-5 \">\n\t<a href=\"https:\/\/bhpakl.pl\/index.php\/szkolenie-dla-firm\/\">    <div class=\"icon-box-wrapper\" style=\"\">\n\t\t            <div class=\"box-icon\" style=\"background-color: ;\">\n\t\t\t\t<i class=\"icon-ionicons ion-android-create\" aria-hidden=\"true\"><\/i>            <\/div>\n\t\t        <div class=\"box-content\">\n\t\t\t                <h3 class=\"title\">\n\t\t\t\t\tSZKOLENIE DLA FIRM                <\/h3>\n\t\t\t\t\t\t        <\/div>\n    <\/div>\n\t<\/a><\/div>\n\n\n\t\t<\/div>\n\t\t\t\t<\/div>\n\t\t\t\t\t<\/div>\n\t\t<\/div>\n\t\t\t\t<div class=\"elementor-column elementor-col-33 elementor-top-column elementor-element elementor-element-509acd40\" data-id=\"509acd40\" data-element_type=\"column\">\n\t\t\t<div class=\"elementor-widget-wrap elementor-element-populated\">\n\t\t\t\t\t\t<div class=\"elementor-element elementor-element-9e2f37e elementor-widget elementor-widget-thim-icon-box\" data-id=\"9e2f37e\" data-element_type=\"widget\" data-widget_type=\"thim-icon-box.default\">\n\t\t\t\t<div class=\"elementor-widget-container\">\n\t\t\t\n<div\n        class=\"thim-sc-icon-box  layout-5 \">\n\t<a href=\"https:\/\/bhpakl.pl\/index.php\/szkolenie-dla-osob-indywidualnych\/\">    <div class=\"icon-box-wrapper\" style=\"\">\n\t\t            <div class=\"box-icon\" style=\"background-color: ;\">\n\t\t\t\t<i class=\"icon-ionicons ion-android-create\" aria-hidden=\"true\"><\/i>            <\/div>\n\t\t        <div class=\"box-content\">\n\t\t\t                <h3 class=\"title\">\n\t\t\t\t\tSZKOLENIE DLA OS\u00d3B INDYWIDUALNYCH                <\/h3>\n\t\t\t\t\t\t        <\/div>\n    <\/div>\n\t<\/a><\/div>\n\n\n\t\t<\/div>\n\t\t\t\t<\/div>\n\t\t\t\t\t<\/div>\n\t\t<\/div>\n\t\t\t\t<div class=\"elementor-column elementor-col-33 elementor-top-column elementor-element elementor-element-3f208776\" data-id=\"3f208776\" data-element_type=\"column\">\n\t\t\t<div class=\"elementor-widget-wrap elementor-element-populated\">\n\t\t\t\t\t\t<div class=\"elementor-element elementor-element-74290f71 elementor-widget elementor-widget-thim-icon-box\" data-id=\"74290f71\" data-element_type=\"widget\" data-widget_type=\"thim-icon-box.default\">\n\t\t\t\t<div class=\"elementor-widget-container\">\n\t\t\t\n<div\n        class=\"thim-sc-icon-box  layout-5 \">\n\t<a href=\"https:\/\/bhpakl.pl\/index.php\/szkolenie-dla-nauczycieli-i-opiekunow\/\">    <div class=\"icon-box-wrapper\" style=\"\">\n\t\t            <div class=\"box-icon\" style=\"background-color: ;\">\n\t\t\t\t<i class=\"icon-ionicons ion-android-create\" aria-hidden=\"true\"><\/i>            <\/div>\n\t\t        <div class=\"box-content\">\n\t\t\t                <h3 class=\"title\">\n\t\t\t\t\tSZKOLENIE DLA NAUCZYCIELI, OPIEKUN\u00d3W                <\/h3>\n\t\t\t\t\t\t        <\/div>\n    <\/div>\n\t<\/a><\/div>\n\n\n\t\t<\/div>\n\t\t\t\t<\/div>\n\t\t\t\t\t<\/div>\n\t\t<\/div>\n\t\t\t\t\t<\/div>\n\t\t<\/section>\n\t\t\t\t<section class=\"elementor-section elementor-top-section elementor-element elementor-element-60c29183 elementor-section-boxed elementor-section-height-default elementor-section-height-default\" data-id=\"60c29183\" data-element_type=\"section\">\n\t\t\t\t\t\t<div class=\"elementor-container elementor-column-gap-default\">\n\t\t\t\t\t<div class=\"elementor-column elementor-col-100 elementor-top-column elementor-element elementor-element-43336ffd\" data-id=\"43336ffd\" data-element_type=\"column\">\n\t\t\t<div class=\"elementor-widget-wrap\">\n\t\t\t\t\t\t\t<\/div>\n\t\t<\/div>\n\t\t\t\t\t<\/div>\n\t\t<\/section>\n\t\t\t\t<\/div>\n\t\t","protected":false},"excerpt":{"rendered":"<p>SZKOLENIA Z PIERWSZEJ POMOCY Pierwsza pomoc to zesp\u00f3\u0142 czynno\u015bci wykonywanych na miejscu zdarzenia lub w bezpiecznym miejscu, przez \u015bwiadka lub uczestnika do momentu przyjazdu s\u0142u\u017cb ratunkowych, polepszenia si\u0119 stanu poszkodowanego, kiedy nie wyst\u0105pi dla nas jakie\u015b zagro\u017cenie, do momentu zm\u0119czenia lub przej\u0119cia dalszych czynno\u015bci przez inne osoby. Umiej\u0119tno\u015b\u0107 udzielania pierwszej pomocy wchodzi w zakres zagadnie\u0144&#8230;<\/p>\n","protected":false},"author":2,"featured_media":0,"parent":0,"menu_order":0,"comment_status":"closed","ping_status":"closed","template":"","meta":{"footnotes":""},"class_list":["post-224316","page","type-page","status-publish","hentry"],"_links":{"self":[{"href":"https:\/\/bhpakl.pl\/index.php\/wp-json\/wp\/v2\/pages\/224316","targetHints":{"allow":["GET"]}}],"collection":[{"href":"https:\/\/bhpakl.pl\/index.php\/wp-json\/wp\/v2\/pages"}],"about":[{"href":"https:\/\/bhpakl.pl\/index.php\/wp-json\/wp\/v2\/types\/page"}],"author":[{"embeddable":true,"href":"https:\/\/bhpakl.pl\/index.php\/wp-json\/wp\/v2\/users\/2"}],"replies":[{"embeddable":true,"href":"https:\/\/bhpakl.pl\/index.php\/wp-json\/wp\/v2\/comments?post=224316"}],"version-history":[{"count":70,"href":"https:\/\/bhpakl.pl\/index.php\/wp-json\/wp\/v2\/pages\/224316\/revisions"}],"predecessor-version":[{"id":224629,"href":"https:\/\/bhpakl.pl\/index.php\/wp-json\/wp\/v2\/pages\/224316\/revisions\/224629"}],"wp:attachment":[{"href":"https:\/\/bhpakl.pl\/index.php\/wp-json\/wp\/v2\/media?parent=224316"}],"curies":[{"name":"wp","href":"https:\/\/api.w.org\/{rel}","templated":true}]}}